 is the thousands digit of 9732280?
2
What is the tens digit of 54792?
9
What is the tens digit of 2269463?
6
What is the hundred thousands digit of 697310?
6
What is the ten thousands digit of 1629449?
2
What is the tens digit of 1839910?
1
What is the tens digit of 386429?
2
What is the thousands digit of 145452?
5
What is the hundreds digit of 1265344?
3
What is the thousands digit of 744757?
4
What is the hundreds digit of 31409235?
2
What is the units digit of 4346850?
0
What is the units digit of 816764?
4
What is the units digit of 91053?
3
What is the thousands digit of 26792?
6
What is the tens digit of 908391?
9
What is the thousands digit of 346160?
6
What is the hundreds digit of 291075?
0
What is the ten thousands digit of 95901?
9
What is the ten thousands digit of 171550?
7
What is the ten thousands digit of 156580?
5
What is the units digit of 10072379?
9
What is the hundred thousands digit of 544681?
5
What is the thousands digit of 2001286?
1
What is the units digit of 18902?
2
What is the ten thousands digit of 187753?
8
What is the hundred thousands digit of 2034785?
0
What is the ten thousands digit of 15957515?
5
What is the units digit of 991283?
3
What is the millions digit of 1290937?
1
What is the ten thousands digit of 985335?
8
What is the hundreds digit of 74864?
8
What is the units digit of 4254577?
7
What is the ten thousands digit of 540086?
4
What is the units digit of 230101?
1
What is the units digit of 3167449?
9
What is the hundred thousands digit of 328676?
3
What is the tens digit of 1954454?
5
What is the hundreds digit of 18514697?
6
What is the tens digit of 962407?
0
What is the tens digit of 59484?
8
What is the units digit of 117880?
0
What is the hundreds digit of 990?
9
What is the ten thousands digit of 1645489?
4
What is the hundred thousands digit of 3839477?
8
What is the hundreds digit of 12886222?
2
What is the hundred thousands digit of 803164?
8
What is the units digit of 231882?
2
What is the ten millions digit of 18353583?
1
What is the hundreds digit of 3719213?
2
What is the thousands digit of 21069?
1
What is the hundred thousands digit of 8578227?
5
What is the hundred thousands digit of 149291?
1
What is the hundreds digit of 8993443?
4
What is the millions digit of 4318900?
4
What is the thousands digit of 369751?
9
What is the units digit of 63774?
4
What is the ten thousands digit of 14985153?
8
What is the thousands digit of 187795?
7
What is the units digit of 448242?
2
What is the hundreds digit of 7281373?
3
What is the hundred thousands digit of 2415216?
4
What is the ten thousands digit of 562896?
6
What is the hundred thousands digit of 3604942?
6
What is the tens digit of 902494?
9
What is the units digit of 293757?
7
What is the thousands digit of 2000963?
0
What is the units digit of 2882399?
9
What is the ten thousands digit of 15101824?
0
What is the tens digit of 1232143?
4
What is the units digit of 1578785?
5
What is the hundred thousands digit of 1298504?
2
What is the hundred thousands digit of 21175933?
1
What is the thousands digit of 1124529?
4
What is the ten thousands digit of 2594037?
9
What is the tens digit of 14806?
0
What is the tens digit of 336163?
6
What is the hundred thousands digit of 1254819?
2
What is the ten thousands digit of 440182?
4
What is the hundreds digit of 360963?
9
What is the units digit of 619340?
0
What is the millions digit of 20925796?
0
What is the hundreds digit of 946983?
9
What is the tens digit of 1166011?
1
What is the hundred thousands digit of 986424?
9
What is the thousands digit of 400774?
0
What is the tens digit of 21414862?
6
What is the thousands digit of 16659?
6
What is the ten thousands digit of 266631?
6
What is the hundred thousands digit of 907136?
9
What is the hundred thousands digit of 254078?
2
What is the hundreds digit of 684608?
6
What is the units digit of 309125?
5
What is the hundred thousands digit of 592753?
5
What is the ten thousands digit of 318818?
1
What is the ten thousands digit of 2533244?
3
What is the ten thousands digit of 178659?
7
What is the units digit of 802895?
5
What is the tens digit of 6890918?
1
What is the hundreds digit of 2725794?
7
What is the ten thousands digit of 935892?
3
What is the ten thousands digit of 190895?
9
What is the hundreds digit of 256416?
4
What is the hundred thousands digit of 554853?
5
What is the thousands digit of 812501?
2
What is the thousands digit of 1328310?
8
What is the thousands digit of 1928631?
8
What is the units digit of 26410137?
7
What is the ten thousands digit of 187627?
8
What is the tens digit of 6826979?
7
What is the thousands digit of 4257263?
7
What is the hundreds digit of 789728?
7
What is the hundred thousands digit of 440202?
4
What is the hundred thousands digit of 1338176?
3
What is the tens digit of 223669?
6
What is the thousands digit of 907694?
7
What is the ten millions digit of 11270549?
1
What is the units digit of 303142?
2
What is the thousands digit of 2935373?
5
What is the millions digit of 1232851?
1
What is the ten thousands digit of 3248054?
4
What is the tens digit of 4113689?
8
What is the hundred thousands digit of 543634?
5
What is the hundreds digit of 155074?
0
What is the hundreds digit of 1009261?
2
What is the millions digit of 1067810?
1
What is the hundreds digit of 538394?
3
What is the thousands digit of 122266?
2
What is the ten thousands digit of 565975?
6
What is the hundreds digit of 462062?
0
What is the hundred thousands digit of 332186?
3
What is the hundreds digit of 629361?
3
What is the thousands digit of 73005?
3
What is the millions digit of 1359805?
1
What is the ten thousands digit of 31724800?
2
What is the units digit of 8903938?
8
What is the hundred thousands digit of 176673?
1
What is the millions digit of 2437223?
2
What is the millions digit of 29278895?
9
What is the tens digit of 2336465?
6
What is the ten thousands digit of 1122815?
2
What is the tens digit of 1049048?
4
What is the thousands digit of 153407?
3
What is the units digit of 226991?
1
What is the ten thousands digit of 37425305?
2
What is the hundred thousands digit of 4257289?
2
What is the ten thousands digit of 441503?
4
What is the millions digit of 26556183?
6
What is the millions digit of 3250982?
3
What is the hundred thousands digit of 29425844?
4
What is the hundred thousands digit of 6193126?
1
What is the hundred thousands digit of 13672725?
6
What is the ten thousands digit of 32540?
3
What is the thousands digit of 2859004?
9
What is the hundreds digit of 13750835?
8
What is the hundreds digit of 755079?
0
What is the thousands digit of 521620?
1
What is the thousands digit of 1518523?
8
What is the units digit of 2102262?
2
What is the thousands digit of 11868830?
8
What is the ten millions digit of 10212730?
1
What is the hundred thousands digit of 11826772?
8
What is the hundreds digit of 814235?
2
What is the ten thousands digit of 1072223?
7
What is the thousands digit of 1109664?
9
What is the ten thousands digit of 48331?
4
What is the units digit of 286873?
3
What is the units digit of 1385524?
4
What is the thousands digit of 179394?
9
What is the ten thousands digit of 74599?
7
What is the millions digit of 3357178?
3
What is the ten thousands digit of 1848750?
4
What is the hundred thousands digit of 183694?
1
What is the units digit of 1561998?
8
What is the hundred thousands digit of 1305280?
3
What is the tens digit of 1122603?
0
What is the thousands digit of 394160?
4
What is the tens digit of 324422?
2
What is the hundred thousands digit of 614703?
6
What is the tens digit of 279357?
5
What is the tens digit of 14291460?
6
What is the millions digit of 8031778?
8
What is the millions digit of 9172709?
9
What is the millions digit of 11443925?
1
What is the units digit of 2390837?
7
What is the hundreds digit of 517284?
2
What is the ten thousands digit of 6528069?
2
What is the hundreds digit of 11475544?
5
What is the ten thousands digit of 2330208?
3
What is the thousands digit of 17367465?
7
What is the thousands digit of 4258097?
8
What is the units digit of 1165703?
3
What is the ten thousands digit of 4670881?
7
What is the units digit of 1812343?
3
What is the ten th